What is 20021211 (base 4) in base 7?
166215
Convert -6a0283a (base 11) to base 14.
-18a9d13
What is -20410004 (base 6) in base 7?
-5014516
What is 11322323033 (base 4) in base 3?
2220212001102
What is 5d7b23 (base 16) in base 13?
1366694
-40d854 (base 16) to base 8
-20154124
Convert 3951915 (base 10) to base 11.
225a150
Convert 164994 (base 10) to base 6.
3311510
What is -ba6aa (base 12) in base 13?
-881a7
Convert 6d0724 (base 15) to base 2.
10011111001011011110000
-21221311203 (base 4) to base 11
-147935a
What is 89856 (base 10) in base 16?
15f00
1100111101020 (base 3) to base 5
140441331
Convert -10001110001010101110000 (base 2) to base 4.
-101301111300
What is -6434363 (base 7) in base 6?
-24431505
Convert 30320210 (base 4) to base 13.
1b035
What is 1001110100010011000111 (base 2) in base 14?
4adc23
What is 14598256 (base 10) in base 5?
12214121011
Convert 121111101010102 (base 3) to base 16.
85c36d
What is -23223201 (base 4) in base 5?
-3012331
-637641 (base 8) to base 11
-135a53
Convert 3368 (base 15) to base 6.
122242
What is e55156 (base 15) in base 3?
202111212010100
What is 1c5cf (base 16) in base 8?
342717
Convert -148cdd7 (base 15) to base 14.
-1d937b2
-244911 (base 13) to base 9
-1561453
What is 101334103 (base 5) in base 9?
706375
What is -1560880 (base 10) in base 3?
-2221022010101
1122201022220 (base 3) to base 6
30510423
Convert -9990184 (base 10) to base 7.
-150625621
-11112201002120 (base 3) to base 7
-26346351
42829 (base 14) to base 8
471765
11001000110101101101010 (base 2) to base 11
3795527
Convert 745b0 (base 13) to base 15.
42203
What is ca827 (base 14) in base 2?
1110111101000110011
What is -22552 (base 11) in base 6?
-410542
Convert -2143664 (base 7) to base 14.
-6bc34
What is 203324112 (base 5) in base 15?
118a22
62222 (base 11) to base 15
1bd69
What is -1651272 (base 8) in base 5?
-110324210
Convert 732138 (base 15) to base 5.
2400141103
What is -1229b88 (base 15) in base 5?
-11314343403
What is -11000000101110100010 (base 2) in base 7?
-6465326
Convert -333036 (base 8) to base 5.
-12042113
-320033313 (base 4) to base 13
-80b35
-3001300 (base 4) to base 5
-344100
What is -120304 (base 11) in base 4?
-232203230
Convert -3701114 (base 8) to base 12.
-410238
Convert 11345605 (base 7) to base 12.
4046a7
-1734371 (base 8) to base 15
-9ee55
What is -13a35 (base 11) in base 3?
-1000021101
Convert -3111706 (base 10) to base 4.
-23313230122
What is a704 (base 14) in base 13?
10168
Convert 100100010010010000 (base 2) to base 3.
21112212121
Convert -100313033202 (base 4) to base 13.
-bba136
What is 201400 (base 9) in base 8?
350557
Convert 5655532 (base 7) to base 2.
10101011101001100011
-2011040010 (base 5) to base 13
-aa1a60
Convert 11122043 (base 5) to base 3.
11222222101
2798119 (base 10) to base 9
5234261
-7f2767 (base 16) to base 2
-11111110010011101100111
What is 176867 (base 10) in base 5?
21124432
Convert -235023 (base 6) to base 5.
-1124120
Convert 156b87 (base 13) to base 16.
81362
Convert -1250355 (base 9) to base 5.
-133321022
What is 949518 (base 10) in base 14?
1aa06a
Convert -1780685 (base 9) to base 11.
-621763
What is 1135240351 (base 6) in base 5?
11242220100
-635 (base 7) to base 12
-228
98145 (base 12) to base 9
335208
What is 122121002102 (base 3) in base 9?
577072
12100210221 (base 3) to base 6
2132424
Convert -446438 (base 11) to base 3.
-1100010200200
What is 56627 (base 13) in base 15?
317de
20317144 (base 9) to base 16
94d8f6
350047 (base 9) to base 16
3344b
-21161 (base 7) to base 16
-1475
What is 3023123 (base 4) in base 13?
5c06
Convert -43072 (base 15) to base 9.
-353728
What is -4871c4 (base 13) in base 2?
-110100110001101011000
144143400 (base 5) to base 13
210356
What is 12310b8 (base 12) in base 2?
1101100010001001001100
71026 (base 12) to base 3
21110112010
-2416054 (base 7) to base 13
-a9993
-1011211131 (base 4) to base 12
-118b39
What is -137460 (base 10) in base 4?
-201203310
-750134 (base 8) to base 10
-249948
What is 30150057 (base 9) in base 5?
12144101223
Convert -6353214 (base 8) to base 10.
-1693324
What is -997235 (base 12) in base 11?
-1416122
-653132 (base 15) to base 16
-498b3c
-61772 (base 10) to base 4
-33011030
What is -12010100211 (base 3) in base 4?
-120220003
What is -15904a2 (base 14) in base 4?
-220103123032
223135 (base 16) to base 13
605c3b
What is 695418 (base 10) in base 6?
22523310
Convert 42967 (base 11) to base 7.
346614
What is 15442342 (base 6) in base 8?
2062266
Convert 1976247 (base 10) to base 15.
29084c
Convert 11011001111011001110111 (base 2) to base 4.
123033121313
What is 213205 (base 6) in base 9?
26085
What is -12d118 (base 14) in base 9?
-1201338
-1b06c4 (base 13) to base 8
-2475056
Convert 1273a1a (base 13) to base 7.
100052251
Convert -116676 (base 9) to base 5.
-4224124
ac437 (base 14) to base 12
181a29
-23a1614 (base 11) to base 2
-1111111011001110100101
-7d465 (base 16) to base 10
-513125
Convert -a25785 (base 14) to base 16.
-537849
1111011110111001011010 (base 2) to base 12
1438962
What is 343336 (base 8) in base 3?
12220201211
What is -6316611 (base 8) in base 3?
-10011021210011
What is -100210202120011 (base 3) in base 6?
-303410221
Convert 10b9894 (base 12) to base 13.
891796
-10001101010110001101100 (base 2) to base 3
-22201022102222
-10100100110100010011001 (base 2) to base 3
-101011101102000
What is -6a4027 (base 11) in base 14?
-211661
Convert -1183c97 (base 15) to base 4.
-233330112133
-40416674 (base 8) to base 6
-502434112
Convert 4a713 (base 11) to base 16.
11c1f
Convert 46144 (base 13) to base 8.
371243
Convert -57198 (base 11) to base 10.
-82750
25622525 (base 7) to base 4
20323300211
Convert -8a368 (base 16) to base 4.
-2022031220
What is -890ac (base 16) in base 6?
-20010420
What is -4019a5 (base 11) in base 2?
-10011101111001010011
980e9 (base 15) to base 12
1b3510
What is -120dc (base 15) in base 3?
-2220222200
Convert b12a36 (base 12) to base 8.
12424112
Convert 12e07 (base 15) to base 13.
21724
Convert 644666 (base 9) to base 13.
105a26
111022202021 (base 3) to base 5
31343013
What is 1001011012202 (base 3) in base 7?
4465505
Convert 2003003010 (base 4) to base 9.
1007273
What is 201000012011 (base 3) in base 2?
1011011010101100100
Convert -1250602 (base 7) to base 5.
-20213224
Convert 1000100010001111011110 (base 2) to base 10.
2237406
Convert 103503 (base 6) to base 2.
10000110011111
-2e496 (base 15) to base 14
-3c6d7
111530021 (base 6) to base 15
2a7194
Convert 7057501 (base 8) to base 15.
26ade8
What is 1010010111001111101111 (base 2) in base 12?
ab017b
1be6e (base 15) to base 11
62411
-1004004 (base 9) to base 4
-2002131121
What is -64063 (base 11) in base 9?
-151808
846c3 (base 13) to base 11
153172
8aac (base 14) to base 15
71e4
-10bb1a (base 13) to base 5
-100203332
3182468 (base 10) to base 14
5cbb12
260155 (base 8) to base 7
524015
35163023 (base 7) to base 11
1821461
Convert 26828aa (base 11) to base 3.
22201020120211
-202555410 (base 6) to base 16
-35647e
Convert 59652 (base 10) to base 3.
10000211100
What is -43312120 (base 5) in base 14?
-98a04
6656127 (base 8) to base 3
10101002200112
What is -86810 (base 11) in base 5?
-13013333
What is 1111100000011000 (base 2) in base 9?
106108
-2330120 (base 5) to base 8
-123047
What is 1001220021120 (base 3) in base 5?
121200244
What is -10e3ce (base 15) in base 11?
-501756
Convert 13948 (base 13) to base 11.
25664
Convert -203111440 (base 5) to base 7.
-10034002
What is -574775 (base 12) in base 2?
-101010101001001001001
-1062175 (base 8) to base 4
-1012101331
Convert 342018 (base 9) to base 14.
54934
What is 15460025 (base 7) in base 3?
2210212121122
-412312 (base 7) to base 5
-4223341
What is de1b59 (base 16) in base 3?
1000101112001212
8426f (base 16) to base 11
33a757
-2d5fa5 (base 16) to base 6
-143422405
-26a7b8 (base 13) to base 9
-1677605
Convert 580404 (base 10) to base 2.
10001101101100110100
What is 1748773 (base 9) in base 3?
1211122212110
-320141015 (base 6) to base 2
-10101011010000110000011
What is 4424200 (base 5) in base 11?
52779
-677711 (base 8) to base 15
-47e31
Convert 42cb66 (base 13) to base 5.
400224401
What is 20603454 (base 7) in base 3?
10021212102220
Convert -3345123 (base 6) to base 5.
-20411421
Convert -200066 (base 8) to base 13.
-23b15
